 297?
9
Calculate the highest common divisor of 4384 and 1918.
274
Calculate the greatest common divisor of 3477 and 61.
61
What is the highest common divisor of 175 and 50?
25
What is the highest common divisor of 4199 and 19?
19
Calculate the highest common divisor of 48 and 336.
48
What is the greatest common factor of 132 and 2244?
132
What is the highest common factor of 375 and 135?
15
What is the greatest common divisor of 105 and 455?
35
Calculate the highest common factor of 2422 and 98.
14
Calculate the greatest common factor of 58 and 1537.
29
What is the highest common factor of 52 and 1534?
26
What is the highest common divisor of 6 and 639?
3
What is the highest common factor of 648 and 288?
72
What is the highest common factor of 182 and 35?
7
What is the greatest common divisor of 115 and 11845?
115
Calculate the highest common divisor of 230 and 368.
46
Calculate the highest common divisor of 1573 and 726.
121
Calculate the greatest common divisor of 79620 and 60.
60
What is the highest common factor of 62 and 558?
62
What is the highest common divisor of 5 and 17285?
5
What is the greatest common factor of 1 and 19?
1
Calculate the highest common factor of 36921 and 465.
93
What is the greatest common divisor of 13066 and 188?
94
What is the highest common divisor of 292 and 1314?
146
What is the highest common divisor of 129 and 1849?
43
What is the greatest common divisor of 56 and 376?
8
What is the greatest common divisor of 27 and 1089?
9
What is the greatest common factor of 363 and 24?
3
What is the greatest common factor of 1796 and 16?
4
What is the greatest common factor of 108 and 297?
27
What is the highest common factor of 225 and 180?
45
What is the highest common factor of 1 and 487?
1
What is the highest common divisor of 21 and 21?
21
Calculate the highest common divisor of 27 and 10539.
9
What is the highest common divisor of 204 and 289?
17
Calculate the greatest common divisor of 10625 and 17.
17
Calculate the highest common factor of 2670 and 90.
30
What is the highest common divisor of 620 and 340?
20
Calculate the highest common divisor of 192 and 120.
24
Calculate the highest common factor of 342 and 76.
38
What is the greatest common divisor of 539 and 33?
11
Calculate the greatest common factor of 3682 and 14.
14
Calculate the greatest common divisor of 36 and 52.
4
What is the highest common factor of 12 and 84?
12
Calculate the highest common factor of 132 and 165.
33
Calculate the highest common factor of 11 and 572.
11
What is the greatest common divisor of 2223 and 855?
171
What is the highest common divisor of 92 and 20?
4
Calculate the greatest common divisor of 29 and 1.
1
What is the greatest common factor of 36806 and 154?
154
Calculate the highest common factor of 806 and 26.
26
Calculate the highest common factor of 13 and 2.
1
What is the highest common factor of 8 and 184?
8
What is the highest common factor of 1630 and 11084?
326
What is the greatest common factor of 1085 and 10199?
217
What is the highest common factor of 47 and 3384?
47
Calculate the greatest common divisor of 600 and 5025.
75
What is the highest common divisor of 1576 and 3349?
197
Calculate the highest common factor of 715 and 65.
65
Calculate the highest common factor of 1635 and 15.
15
What is the highest common divisor of 3038 and 14?
14
Calculate the highest common divisor of 152 and 19.
19
What is the greatest common factor of 23529 and 11?
11
Calculate the highest common divisor of 67 and 1072.
67
What is the highest common divisor of 286 and 143?
143
Calculate the highest common factor of 4061 and 31.
31
Calculate the greatest common factor of 441 and 42.
21
What is the highest common divisor of 560 and 5936?
112
Calculate the greatest common factor of 3795 and 825.
165
Calculate the highest common factor of 13213 and 1267.
181
Calculate the highest common factor of 32 and 1528.
8
Calculate the highest common divisor of 5974 and 29.
29
Calculate the greatest common divisor of 20 and 10.
10
What is the highest common factor of 186 and 341?
31
What is the greatest common factor of 315 and 225?
45
Calculate the greatest common divisor of 11 and 33.
11
What is the greatest common factor of 4885 and 10?
5
Calculate the highest common factor of 33 and 4378.
11
What is the highest common factor of 1368 and 408?
24
Calculate the greatest common factor of 216 and 24.
24
What is the greatest common factor of 5824 and 7?
7
Calculate the highest common divisor of 270 and 210.
30
What is the highest common divisor of 11647 and 19?
19
Calculate the highest common factor of 2800 and 50.
50
Calculate the greatest common factor of 792 and 108.
36
What is the greatest common factor of 22099 and 1435?
287
What is the highest common divisor of 276 and 4209?
69
Calculate the highest common divisor of 74 and 1702.
74
Calculate the greatest common factor of 17 and 136.
17
Calculate the greatest common divisor of 38 and 11666.
38
Calculate the greatest common divisor of 432 and 448.
16
What is the highest common divisor of 2501 and 164?
41
What is the greatest common divisor of 12336 and 96?
48
Calculate the greatest common factor of 231 and 399.
21
What is the highest common factor of 430 and 370?
10
What is the greatest common factor of 101 and 10403?
101
Calculate the greatest common divisor of 594 and 33.
33
What is the highest common divisor of 110 and 2134?
22
What is the highest common divisor of 24 and 32?
8
Calculate the highest common divisor of 129 and 12513.
129
Calculate the highest common factor of 225 and 100.
25
What is the highest common divisor of 288 and 252?
36
What is the greatest common divisor of 141 and 2491?
47
What is the highest common divisor of 1751 and 206?
103
Calculate the highest common divisor of 10 and 74570.
10
Calculate the highest common divisor of 268 and 201.
67
What is the greatest common factor of 354 and 9?
3
What is the greatest common factor of 108 and 20736?
108
Calculate the highest common divisor of 1280 and 20.
20
What is the highest common divisor of 1440 and 405?
45
Calculate the greatest common factor of 287 and 82.
41
Calculate the greatest common factor of 5301 and 684.
171
Calculate the greatest common divisor of 27 and 3843.
9
What is the greatest common divisor of 1120 and 240?
80
What is the highest common factor of 14 and 2282?
14
Calculate the greatest common divisor of 270 and 99.
9
What is the highest common factor of 374 and 704?
22
Calculate the greatest common divisor of 609 and 21.
21
What is the greatest common factor of 225 and 240?
15
What is the greatest common divisor of 2050 and 41?
41
Calculate the greatest common divisor of 56 and 152.
8
What is the highest common factor of 72681 and 21?
21
What is the greatest common factor of 462 and 1?
1
Calculate the highest common divisor of 220 and 176.
44
Calculate the greatest common factor of 114 and 323.
19
What is the highest common factor of 25 and 200?
25
What is the greatest common factor of 23 and 5911?
23
Calculate the highest common divisor of 250 and 9625.
125
Calculate the greatest common factor of 1100 and 11.
11
What is the greatest common factor of 527 and 403?
31
What is the greatest common factor of 27 and 639?
9
Calculate the greatest common divisor of 545 and 95.
5
Calculate the greatest common divisor of 817 and 76.
19
What is the greatest common divisor of 112 and 960?
16
What is the highest common divisor of 448 and 14?
14
What is the greatest common divisor of 18 and 486?
18
What is the highest common factor of 105 and 2380?
35
What is the greatest common factor of 66 and 198?
66
Calculate the greatest common factor of 162 and 513.
27
Calculate the highest common divisor of 34620 and 120.
60
Calculate the greatest common factor of 24544 and 64.
32
Calculate the greatest common factor of 42 and 12.
6
What is the highest common divisor of 414 and 18?
18
What is the highest common factor of 954 and 270?
18
What is the greatest common factor of 204 and 12?
12
What is the greatest common divisor of 1147 and 31?
31
Calculate the greatest common factor of 4187 and 1106.
79
What is the greatest common divisor of 114 and 10659?
57
What is the highest common factor of 36 and 708?
12
Calculate the grea